*u**2 - 9*u + 3. Let w(p) = -5*n(p) + 3*x(p). Give w(l).
0
Let x be 0 + 0 - 2/(-1). Suppose -1 - 3 = -4*n. Let s(v) = v + 3 - n - 5*v + 5*v. Calculate s(x).
4
Let p(r) be the second derivative of -r**4/12 + 5*r**3/6 + 4*r**2 + 2*r - 1. Give p(7).
-6
Suppose -2*r = -v + 11, 6*r - r = -25. Let y(t) = 0 - 4*t + v + 5*t + 1. Determine y(6).
8
Suppose -5*c = -48 - 52. Let h be 5/c - (-2)/(-8). Let l(u) be the second derivative of -u**4/12 - 3*u**2/2 + u. Calculate l(h).
-3
Let w(m) be the first derivative of -7*m**2/2 - m + 14. What is w(3)?
-22
Let k be -3 - 0/(1 - -1). Let h(j) be the third derivative of j**6/120 + j**5/30 - j**4/12 - 2*j**3/3 - 24*j**2. Determine h(k).
-7
Let o(m) = -2*m + 14. Let j(i) = -3*i + 27. Let u(f) = -3*j(f) + 5*o(f). Let p(z) = -1. Let q(n) = 6*p(n) - u(n). Let a be ((-8)/16)/(3/30). Give q(a).
0
Suppose -2 = -i - 3. Suppose -u - 3*u = 0. Let a(n) = n + u*n + 0*n + 0*n + 5*n**3. Calculate a(i).
-6
Let g(l) be the second derivative of -l**5/20 - 2*l**2 - 5*l. Let r(m) = m + 7. Let p be r(-7). Determine g(p).
-4
Let o(k) = -k**2. Suppose -s + 2*r - 11 = 0, -3*r = -4*s + 2*r - 35. Let p(j) = -6*j**2 - 7*j - 4. Let g(d) = s*o(d) + p(d). What is g(-5)?
6
Suppose 23 + 1 = 3*a. Let j = -12 + a. Let i(o) = -o**3 - 5*o**2 - 7*o - 5. Give i(j).
7
Let a(i) = -i**2 + 9*i - 11. Let g(y) = -2*y - 10. Let s be g(-9). Calculate a(s).
-3
Let f(p) be the first derivative of p**4/4 + 4*p**3/3 + p**2/2 - p - 5. Determine f(-3).
5
Let j(q) = 34*q**3 - 7*q**2 + 5*q + 7. Let u(w) = 51*w**3 - 10*w**2 + 7*w + 10. Let l(t) = -7*j(t) + 5*u(t). Give l(-1).
-17
Let h(o) = 3*o**2 - 70*o + 18. Let w be h(23). Let z(v) be the third derivative of v**6/120 + v**5/15 - v**4/8 + 7*v**3/6 + v**2. Determine z(w).
-3
Let r be 34/4 + 2/4. Let c = 13 - r. Let m(s) = -s. Let b(l) = 4*l - 5. Let f(n) = -b(n) - 3*m(n). Determine f(c).
1
Let b(c) = -c**3 + 7*c**2 - 6*c + 3. Let q be b(6). Let p(k) be the second derivative of -2*k**3/3 + 3*k**2/2 - 3*k. Calculate p(q).
-9
Let u(c) = -c**3 + 3*c**2 - c. Let l(a) = a**3 + 3*a**2 + 2. Let j be l(-4). Let r be (4/j)/(1/(-7)). What is u(r)?
2
Let q(i) = -i**3 + 8*i**2 - 9*i + 4. Let t(o) = -o - 1. Let l(z) = -q(z) + 2*t(z). Determine l(7).
-6
Let w be 21/9*(5 - 2). Let m(s) = 7 - 1 - 10*s - w. Calculate m(-1).
9
Let w(p) = -5 + p**3 + 4 - 3*p**2 + 0*p - p + 3*p. Let s = 2 + -1. Let g = s + 2. Determine w(g).
5
Let q be (-1 + 0 - -6) + -1. Let y(n) = 4 - 2 + 8*n + 12 - 3. Let f(t) = 3*t + 4. Let d(s) = 11*f(s) - 4*y(s). Give d(q).
4
Let c(y) = y**3 + 6*y**2 + y + 8. Let a(s) = -4*s + 10. Let r be a(4). Calculate c(r).
2
Let p be 3 + 2 + (3 - 2). Let c = 1 - p. Let u(t) = 3*t**2 + 4*t + 17. Let b(x) = -x**2 - x - 6. Let z(m) = -17*b(m) - 6*u(m). Calculate z(c).
10
Let z(x) = 65*x**2 + 0*x**3 + x**3 - 69*x**2 + 5*x - 2. What is z(3)?
4
Let g(c) = -46*c - 7*c**2 + 7 + 5*c**3 + 46*c. Let l(i) = 6*i**3 - 8*i**2 + 8. Let k(q) = -5*g(q) + 4*l(q). Determine k(3).
-3
Suppose 5*h - h = -24. Let l(c) = 3*c + 8. What is l(h)?
-10
Let p(s) = 3 - 2*s**3 + 0*s + 4*s - 2*s + 3*s**3 + 2*s + s**2. Suppose -5*f - 12 = -2. Give p(f).
-9
Let r = -11 + 8. Let d(z) = 3 + 2*z + 1 - 3. Give d(r).
-5
Let u(g) = -g**3 - 6*g**2 - 5*g - 4. Let i(s) = -4*s + 7. Let b be i(3). Give u(b).
-4
Suppose 5*s - 3*i = 47, 0*i = -2*i + 2. Suppose s = b - 0. Suppose 0*y - 5*y = -b. Let p(m) = -3*m - 1. Give p(y).
-7
Let k(l) = 4*l + 1. Suppose -4*z + 20 = 0, 5*p + 0*p = 3*z - 10. Let n be k(p). Let m(y) be the first derivative of y**3/3 - 2*y**2 - 2*y - 1. Determine m(n).
3
Let p(x) = x**2 - x - 12. Suppose -w = q - 6*w - 20, -5*q + 4 = -w. Determine p(q).
-12
Let f(b) be the second derivative of b**5/20 - 2*b**4/3 + 7*b**3/6 - b**2 - 30*b. Calculate f(7).
-2
Let m(d) = 2*d. Let y(p) = -p**3 + 11*p**2 + 13*p - 18. Suppose -5*b = -48 - 12. Let i be y(b). Calculate m(i).
-12
Suppose -d = d + 6. Let l(j) = j**3 + 4*j**2 + 2*j - 1. Let w be l(d). Let x(f) = 2*f**3 - 2*f**2. What is x(w)?
8
Let l(c) = -c**3 + 4*c**2 - 2*c - 2. Let f be l(3). Let o be 1 - (-5 + f)/1. Let z(p) = -3*p + o*p + 0*p + 1. Give z(-1).
-1
Suppose 2*b + 12 = -0*b. Let t(c) = c**2 + 8*c - 3. What is t(b)?
-15
Let p(g) = g**3 + 5*g**2 + 7*g + 2. Let u = -15 - -12. Let n be p(u). Let s(a) = 5*a - 1. What is s(n)?
-6
Let v(s) = s**2 - 5*s - 4. Let w be v(6). Suppose w*m - 4*p - 16 = 0, 5 = -p - 4*p. Let c(r) = -13 - 7*r + 8 + m. Give c(-1).
8
Suppose -5 = 2*a + 3*a. Let r(i) = -2*i**3 - 2*i**2 - i - 6. Let k(d) = d**3 + d**2 + 1. Let n(l) = a*r(l) - 4*k(l). Let p = -8 - -6. Calculate n(p).
8
Let w(z) be the third derivative of -1/15*z**5 + 1/120*z**6 - 1/24*z**4 + z**2 + 1/3*z**3 + 0*z + 0. Let a = 12 + -8. What is w(a)?
-2
Let h(r) = -3 + 2 + 8*r + 2. Let a = 20 + -21. Determine h(a).
-7
Let v = -38 + 37. Let u(x) = -3*x**2 - 2*x - 1. Determine u(v).
-2
Suppose -d = -6 + 4. Let r(p) = 2*p**2 + d*p**2 - 5*p**2 - 2*p - 3*p - 6. Suppose 12 = -2*k - k. Determine r(k).
-2
Suppose -x + 2 + 3 = 0. Let c(v) = v + 3 - 5 + x. Give c(3).
6
Let n(d) = -4*d + 3. Let q be 162/(-30) - (-4)/10. Let w = -12 - q. Let y be (-12)/w + (-2)/(-7). Give n(y).
-5
Let q(d) = -d + 7. Let w be q(8). Let i = w - 3. Let j(h) be the third derivative of -h**6/120 - h**5/15 + h**4/24 - h**3/3 + 4*h**2. What is j(i)?
-6
Suppose 4 - 12 = 4*m. Let d(b) = -4*b**2 - b**3 - 1 - 1 + 0*b**2 - b. Give d(m).
-8
Let y = -1 - -1. Let n(b) = 0*b**3 + 5 - b + 0*b**3 - 2 - b**3. Determine n(y).
3
Let o(f) = f - 9. Let c(z) = -14*z + 21. Let i(n) = 5*n - 7. Let b(a) = -6*c(a) - 17*i(a). Let y be b(-7). Suppose 5*h = -y*h + 25. Give o(h).
-4
Let x(b) = -b**2 + b - 1. Let u be x(1). Let g be 1*u/(-2)*0. Let r(w) = -w. Determine r(g).
0
Let l(i) = 6*i + 1. Suppose -2*z = -5*z - 3*d + 6, 0 = z + 3*d - 8. Let w be 8/(z - (3 + -6)). Let u = w - 3. Calculate l(u).
7
Let m = -27 + 24. Let a(d) = -d**2 - 3*d - 3. Determine a(m).
-3
Let x(k) = -k**2 - 4*k - 1. Let z(o) = o**2 + o - 1. Let p(g) = -x(g) - 2*z(g). Calculate p(4).
-5
Let a(g) = g**2 - g - 2. Let s(i) = -2*i**2 + 3*i + 4. Let q(t) = 5*a(t) + 3*s(t). Calculate q(4).
2
Let d(o) = o**3 + 3*o**2 - 3*o - 2. Let n = 7 + -10. What is d(n)?
7
Let s(j) = j**3 - 3*j**2 + j. Let k(i) = -i**2 + i + 2. Let b be (-2)/5 + 8/20. Let x be k(b). Calculate s(x).
-2
Let a = -6 + 8. Let d be (-2)/(-3) - (-1)/3. Let z(f) = -2*f**2 + f + d - a + 3. Calculate z(2).
-4
Let s = 7 - 12. Let m(h) be the second derivative of -h**6/360 - h**5/120 + h**4/4 - 4*h. Let i(p) be the third derivative of m(p). Give i(s).
9
Let v(s) = s**2 - 4. Let q(a) = 2*a**2 - 19*a + 9. Let i be q(9). Calculate v(i).
-4
Let q(k) = -k - 1. Let t(i) = i**2 + 6. Let o(x) = 4*q(x) + t(x). Let c = -7 + 12. Give o(c).
7
Let h = -22 + 13. Let d = h + 16. Suppose -2*t - d = 3*v - 3, 6 = 4*t - v. Let g(i) = -5*i**2 + i. Determine g(t).
-4
Let x(m) be the third derivative of m**4/12 + 5*m**3/6 + m**2. Suppose -8*d = 50 - 18. Calculate x(d).
-3
Let v(h) be the second derivative of 0 - 1/12*h**4 + h + 1/6*h**3 + 3/2*h**2. Calculate v(0).
3
Let a(q) = -4*q + 1. Let v be 3/(-12) + 18/8. Give a(v).
-7
Suppose -3*t - 30 = -8*t. Let p(f) = f**2 - 7*f + 3. Calculate p(t).
-3
Let l(s) be the third derivative of 0*s - 1/2*s**3 - 1/4*s**4 - 1/60*s**5 + 9*s**2 + 0. Determine l(-2).
5
Let o(z) = 5*z**2 - 20*z + 11. Let p(u) = 2*u**2 - 7*u + 4. Let q(b) = 3*o(b) - 8*p(b). Suppose -3*w + 23 = -4*m - 0*m, -4*m + w = 21. Calculate q(m).
-4
Let r(t) = 5*t**3 - 13*t**2 - 5. Let w(d) = 4*d**3 - 12*d**2 + d - 6. Let a(q) = -5*r(q) + 6*w(q). Calculate a(-8).
5
Let b(x) be the first derivative of -1/2*x**2 + 2 - x. Suppose -3*i = -2*g + i - 16, g - 5*i + 23 = 0. Give b(g).
-3
Let r(y) = -2*y**2 - 6*y + 7. Let j(d) = d**2 + 6*d - 6. Let q(u) = -4*j(u) - 3*r(u). Determine q(4).
11
Let v = 5 - 3. Let r = 4 - v. Let t(d) be the first derivative of d**4/4 - 4*d**3/3 + 2*d**2 - 2*d - 1. Calculate t(r).
-2
Let y(h) = h - 4*h + 3 + 4*h. Suppose -5*m - 10 = 2*g + 3*g, 5*g + 2*m = 5. What is y(g)?
6
Let d be 0 - 0 - (-6)/2. Let x(f) = 0 - 3*f + 0 + 0 + 4*f**2 - 1 - f**d. What is x(3)?
-1
Suppose 4*j + 14 = -0*g - 3*g, -2*j - 18 = -4*g. Let o(f) = -f**3 - 4*f**2 + 5*f. Determine o(j).
0
Suppose v - 6 = 2*m, -2*m - 5*v + 2 = 8. Let w(x) = x**3 + 4*x**2 + 2*x - 1. What is w(m)?
2
